 3*c**2 + 6*c - 7. Let a be j(4). Determine v(a).
5
Let c = 1 + 6. Suppose -s - 3 = -c. Let d(p) = -4*p**2 - 3*p + 3 - p**3 - 2*p + 9*p**2. What is d(s)?
-1
Suppose 1 + 4 = 5*c + 5*o, -8 = -2*c + o. Let w(v) = v. Let f be w(c). Suppose 4*g = i - 2, -f*g + 0*i - 7 = 2*i. Let u(j) = 6*j**3 - j**2. Determine u(g).
-7
Let d(p) = 0*p + 2 - 3 - 11*p. Let o = 197 - 198. Determine d(o).
10
Let p = 6 - 2. Suppose p*m - 25 = -m. Let o(j) be the first derivative of j**3/3 - 3*j**2/2 - j + 3. Give o(m).
9
Let x = -24 + 17. Let r(y) = -y**3 - 8*y**2 - 7*y + 2. Let i be r(x). Let u(j) = -2*j**3 + 3*j**2 - 2*j + 2. Determine u(i).
-6
Let w(r) = 3*r - r - 5 + 4. Let a(l) = 7*l + 11. Let c(b) = -3*b - 5. Let k(h) = 4*a(h) + 9*c(h). Let f(d) = 6*k(d) - 6*w(d). Calculate f(1).
-6
Let i(x) = x**3 + 4*x**2 + 3*x + 4. Let h be ((-8)/(-12))/((-6)/27). Determine i(h).
4
Let p(v) = -4*v**2 + 3*v**2 - 2 - 4*v + v**3 - 1 + 2*v**2. Let l be p(-2). Let d(o) = -8*o + 1. Calculate d(l).
-7
Let o = -57 + 53. Let p(k) = 2*k - 1. Determine p(o).
-9
Suppose g = -3*x - 15, 4*g + x + 0*x + 5 = 0. Let n(f) = 2 - f + 2*f + g*f - 2*f. Let d be n(-2). Let j(c) = -c**2 + 2*c + 3. Give j(d).
-5
Let a(m) be the second derivative of m**5/20 - 7*m**4/12 - 4*m**3/3 - 4*m**2 - 8*m. Determine a(8).
-8
Let v(x) = -x**3 + 7*x**2 + 7*x + 9. Let n = -11 - -19. Let p be v(n). Let c(l) = 3*l**3 - 2*l + 1. What is c(p)?
2
Let z(k) = -5*k**2 + 11*k - 1. Let n be z(1). Let i(j) = -4*j**2 - 4 + j**3 + 0 - j - j**2. Calculate i(n).
-9
Let q be (-45)/(-20) - (-6)/8. Let i(f) = 2*f - 5*f**2 - f**q - 5*f**3 - 1 + 5*f**3 + 2*f**3. Calculate i(2).
-9
Let n(r) = 42 - 5*r + 0*r + 3*r - 43. Give n(-4).
7
Let d = 0 - 1. Let x be (-7 - -1)*2/(-4). Let l(u) = 0*u - 1 - u + 5*u**x + 0*u. Determine l(d).
-5
Let t(l) = 13*l**3 + l**2 + l + 1. Suppose -5*c + 6*d = 2*d - 28, 2*c - 2*d - 12 = 0. Suppose 3*n + 19 = -4*w, -3*n - c*w = -5*w - 1. What is t(n)?
-12
Let p be (-30)/(-24) - 2/8. Suppose 4*l - 2*o = 36, 3*l + 2*o = -3*o + 27. Let q(r) = -10 + 10 - l*r. What is q(p)?
-9
Let z(k) = 1 + 3*k + k - 2*k - k. Determine z(0).
1
Let t(q) = 3*q**2 + q. Let p(f) = -4*f**2 - 2*f + 1. Let o(j) = 11*j**2 + 5*j - 3. Let b(r) = 3*o(r) + 8*p(r). Let i be b(2). Calculate t(i).
4
Let x(l) = 11*l + 6 + 3*l**2 - 3*l - 2*l**2 + 0*l**2. Give x(-6).
-6
Suppose 2 = 2*a - 36. Let t = a - 21. Let x(v) = -2*v + 2. What is x(t)?
6
Let f(v) = v**2 + 294*v - 583*v + 9 + 0*v**2 + 296*v. Calculate f(-7).
9
Let d(a) be the second derivative of -a**5/10 - a**4/6 - a**3/6 - a**2 - a. Let v be (-3)/(-8) - 19/8. What is d(v)?
8
Suppose -5*o - 6*o = -77. Let c(q) = -q**2 + 8*q - 1. Give c(o).
6
Let d(u) = u**3 + 5*u**2 + 4. Suppose 3*t = -0*h - 3*h + 15, -2*h - 3*t + 12 = 0. Let m be -10 + 1 - (h + -7). Calculate d(m).
4
Let m(l) = l**3 + l**2 - 4*l + 1. Suppose -3*v + 3*b - 12 = 0, -b - 2*b - 12 = 5*v. Determine m(v).
-5
Suppose -2*v = -5*p + 8, -2*v + 28 = -2*p + 6*p. Suppose -5*r + 2*r - v = 0. Let b(m) = 2 + m**2 - m - m + 4*m. What is b(r)?
2
Let u(c) = c + 1. Let x(o) = 6*o. Let k = -3 + 8. Let q be x(k). Suppose 3*r + 5*m + q = r, -8 = 2*m. What is u(r)?
-4
Let s(j) = -j**2 - 3*j + 6. Let g be s(-5). Let z = 5 + g. Let y(h) = 4*h + 7*h**3 - 2*h + 0*h**2 - 2*h**2 - 1. What is y(z)?
6
Let r(s) = 2*s**2 + 8*s - 5. Let i(d) = -d**2 - 4*d + 3. Let o(u) = 11*i(u) + 6*r(u). Let g be (-2)/(-2 + 1) + -5. Calculate o(g).
0
Suppose 12 = -2*v - 3*w, 4*w - 3*w = 3*v + 18. Let t(s) = 4*s**2 + 1 + s**2 + 0*s**2 + 5*s - 4*s**2. What is t(v)?
7
Let j(b) = -b**2 + b - 1. Let v = -60 - -62. Calculate j(v).
-3
Suppose 4*r - 13 + 5 = 0. Suppose 5*t + p = 20, 5*t + p - 30 = r*p. Let h(m) = 0*m + m**2 + 4 - 8 - 5*m. What is h(t)?
-4
Let i = -3 + -1. Let p(b) be the first derivative of -b**4/24 - b**3/3 - b**2 - 1. Let r(t) be the second derivative of p(t). Calculate r(i).
2
Let l = 15 - 10. Let u(w) = -2 + l*w - 1 + 2. Determine u(-1).
-6
Suppose 0 = 2*c + 2*c + 36. Let g = c - -5. Let f(d) = -3*d. Let n(m) = -16*m. Let a(v) = 11*f(v) - 2*n(v). Calculate a(g).
4
Let i = 5 - 2. Suppose -5*l + 18 = i. Let p(x) = 3*x - 3. Give p(l).
6
Let a(i) be the first derivative of 1 - 4*i + 1/3*i**3 - 5/2*i**2. What is a(6)?
2
Let q = 18 - 18. Suppose q = 2*r - 5*f - 12, 7*r - 3*f = 4*r + 9. Let z(n) = -3*n**3 - 2*n**2 + 2*n - 1. Give z(r).
-4
Suppose -3*v + 2*q + 11 = -25, -3*v - q + 45 = 0. Let f(i) = -14 + v - i. Determine f(-3).
3
Let g(r) = 7 + 10 + 2*r**2 - r**2 - 11 - 7*r. Let m = 12 + -7. Calculate g(m).
-4
Suppose -5*j + 2 = 5*q - 3*j, 2 = -5*q + 2*j. Let i(f) = -f**3 + 2*f**2 - 1. Let z be i(-1). Let c(n) = -2*n - 6 + z*n - n**2. Determine c(q).
-6
Let x = 3 - 1. Suppose -d = l, -l + x = l. Let h(c) be the first derivative of 5*c**2/2 - c - 2. What is h(d)?
-6
Let p(o) = 9*o**2 - 9*o - 3. Let y(i) = -4*i**2 + 4*i + 1. Let l(n) = -n**2 - n + 2. Let w be l(0). Let k(z) = w*p(z) + 5*y(z). Calculate k(2).
-5
Let c be (-4)/7*(-98)/28. Let n(h) = -4*h - 5 + 4*h - 3*h. Let y(v) = 16*v + 25. Let b(u) = c*y(u) + 11*n(u). Calculate b(-4).
-1
Let j(s) be the second derivative of 2*s**3/3 - s**2 + 3*s. Determine j(-2).
-10
Let n(j) = -100*j**3 + 1 + 3*j - 4*j**2 + 99*j**3 - 8. Calculate n(-5).
3
Suppose -4*c + 12 = -0, -4*v + 3*c = -3. Let h(x) = -x**2 - x - 1. Let q(s) = -6*s**2 - s - 5. Let j(u) = -5*h(u) + q(u). Give j(v).
3
Suppose -f - 2*f = -2*g + 9, 0 = f + 3*g + 3. Let y(b) = -2*b + 2. Let c(j) = -j. Let p(i) = f*c(i) + y(i). What is p(5)?
7
Let c(i) = -3*i**3 + 3*i**2 + 13. Let v(r) = -2*r**3 + r**2 + 7. Let u(o) = -3*c(o) + 5*v(o). Calculate u(-4).
-4
Let b(p) = p**2 + 13*p - 4. Let h(o) = o**2 + 14*o - 5. Let c(r) = -3*b(r) + 2*h(r). Let y be c(-11). Let w(a) = -a - 2. Calculate w(y).
-4
Let o(b) = 2*b**2 - 5*b. Let j(d) = d**2 - d. Let w(a) = 4*j(a) - o(a). Determine w(-2).
6
Let o(j) = -j**3 - 4*j + 3. Let r(d) = -d**3 - d**2 - 4*d + 2. Let u(h) = 3*o(h) - 4*r(h). Let f be 1/((1/(-1))/(-2)). Let k be -1 + (-1 - -1 - f). Give u(k).
-2
Let z(f) = -5*f + f + 6*f - 5 + 0*f**2 + f**2. Give z(-5).
10
Let u be (2 - 1)/((-1)/(-5)). Suppose 2*a - p + 0*p - 1 = 0, 5*p = u*a + 10. Let m(b) = 8*b + a*b - 4*b. Give m(1).
7
Let d(a) = -5*a**3 - 5*a**2 + 2*a - 1. Let v(h) = 6*h**3 + 6*h**2 - 2*h + 1. Let o(r) = -5*d(r) - 4*v(r). Determine o(-2).
1
Let k(t) be the first derivative of 2*t - 4 - 4/3*t**3 - 1/4*t**4 + 0*t**2. Give k(-4).
2
Let l(k) = -2*k - 3. Let i(z) = -z**3. Let p(x) = 7*x**3 + 9*x**2 - 9*x + 5. Let t(o) = 6*i(o) + p(o). Let f be t(-10). Give l(f).
7
Suppose 39*v + 2 = 40*v. Let j(q) = -2*q + 1. Calculate j(v).
-3
Let m = -10 + 7. Let s(h) = -2 - 6 - h**2 + 0*h + 4 - 5*h. What is s(m)?
2
Let x(d) = -3*d. Let k = -1 - 4. Let g = 3 + k. Let p = g + 4. What is x(p)?
-6
Let n be (-36)/(-6)*(-2 + 1). Let q(w) = w**3 + 5*w**2 - 5*w - 5. Calculate q(n).
-11
Let f(k) = 2*k - 4. Let m be ((-18)/(-27))/(0 + 4/18). Calculate f(m).
2
Let f(v) = v**2 - v - 1. Let a(c) = -2*c**2 + 5*c + 4. Let d = 3 + 1. Let b(j) = d*f(j) + a(j). Give b(-2).
6
Let s(g) = g**3 - 2*g**2 - 5*g + 3. Let v be s(4). Suppose -v = -d - 0*d. Suppose 39 = 4*y + d. Let h(l) = -l**3 + 7*l**2 - 5*l - 1. What is h(y)?
5
Let d(r) = -3*r**2 - 9*r - 9 - 3*r**3 + 2*r**3 - 5*r**2. Let y be ((-4)/6)/((-32)/(-336)). Give d(y).
5
Let z be 0/((4/(-2))/(-1)). Let c(h) be the third derivative of h**5/60 + h**3/2 - 30*h**2. What is c(z)?
3
Let l(p) = 4*p**3 - 2*p**2 + p. Let o be 6*1*2/3. Suppose 12*a - 16*a = -o. Determine l(a).
3
Let v(t) = 3*t + 5. Let n(c) = 10*c + 14. Let j(a) = -2*n(a) + 7*v(a). What is j(0)?
7
Let o(f) = f. Let s(y) = 7*y + 1. Let p(g) = 2*o(g) - s(g). Give p(-2).
9
Let x(p) be the third derivative of -p**6/120 - p**5/60 + p**3/6 + 29*p**2. Calculate x(-2).
5
Let h(w) be the third derivative of -1/6*w**3 + 0 - 1/4*w**4 - 3*w**2 + 0*w. What is h(-1)?
5
Let v(q) be the first derivative of q**3/3 - 2*q**2 - 4*q - 4. Let a = -14 - -18. Calculate v(a).
-4
Let w(z) = 2*z - 5. Suppose 5*n + 4*v = -44, -5*n + n - 4*v = 36. Let s = n + 13. Give w(s).
5
Let p = 42 + -37. Suppose 4*l - 25 = -l. Suppose 4 = -5*s + 3*t - 1, -45 = l*s + p*t. Let b(a) = -a**3 - 3*a**2 + 3*a + 1. Calculate b(s).
5
Let i(l) = l**3 + 5*l**2 + 5. Let x be i(-5). Let c(v) = -46*v - v**3 + 46*v - x. Give c(0).
-5
Suppose -2*s + 4*o